{"id":26,"date":"2012-12-01T18:05:37","date_gmt":"2012-12-01T18:05:37","guid":{"rendered":"http:\/\/renebarsalo.com\/WP\/?page_id=26"},"modified":"2020-01-03T16:15:04","modified_gmt":"2020-01-03T21:15:04","slug":"contact","status":"publish","type":"page","link":"https:\/\/renebarsalo.com\/WP\/?page_id=26","title":{"rendered":"Contact"},"content":{"rendered":"<p>Ren\u00e9 Barsalo<br \/>\nEST \/ UTC -5, Montr\u00e9al, Qu\u00e9bec<\/p>\n<p>Designer depuis plus de 35 ans, j&#8217;ai fond\u00e9 et co-dirig\u00e9 plusieurs entreprises et organisations sectorielles innovantes \u00e0 Montr\u00e9al (en graphisme, multim\u00e9dia et informatique), trois secteurs en mutation continuelle depuis l\u2019arriv\u00e9e du num\u00e9rique. De 2004 \u00e0 2011, j&#8217;ai joint l\u2019\u00e9quipe de direction de la <a href=\"http:\/\/www.sat.qc.ca\">Soci\u00e9t\u00e9 des arts technologiques<\/a> en tant que Directeur, Recherches &amp; d\u00e9veloppement, int\u00e9ress\u00e9 surtout par la t\u00e9l\u00e9pr\u00e9sence et l\u2019immersion.<\/p>\n<p>De retour en recherche\/design et en entrepreneuriat, je dirige actuellement le laboratoire de prototypage virtuel HoloDEC desjardins du CCTT <a href=\"http:\/\/inedi.ca\" target=\"_blank\" rel=\"noopener noreferrer\">INEDI<\/a>, un Centre coll\u00e9gial de transfert technologique sp\u00e9cialis\u00e9 en design industriel dans la grande r\u00e9gion de Montr\u00e9al. Je fais \u00e9galement de la consultation strat\u00e9gique en <em>design thinking<\/em> et en innovation aupr\u00e8s de clients corporatifs et industriels en tant que conseiller d&#8217;affaires principal chez <a title=\"Inno-Centre\" href=\"http:\/\/www.inno-centre.com\/\" target=\"_blank\" rel=\"noopener noreferrer\">Inno-Centre<\/a>.<\/p>\n<p>Curieux passionn\u00e9, je dirige aussi quelques projets en design d\u2019exp\u00e9riences num\u00e9riques et en co-design technologique et social par le biais de ma bo\u00eete de consultation Sc\u00e9nario-B. Notamment la production de mon premier essai transm\u00e9dia : Carnet de la mutation num\u00e9rique | Premiers impacts sur l\u2019identit\u00e9, l\u2019espace et le temps, dont la sortie est pr\u00e9vu en 202&#8230; ce blogue me donne l&#8217;occasion d&#8217;en publier des extraits ou des notes, question de maintenir le suspense d&#8217;ici l\u00e0 ;- )<\/p>\n<p>&#8230;<\/p>\n<p><em>As a designer for over 30 years, I have founded and co-directed several innovative companies and industry organizations in Montreal, in graphics, multimedia and computers\u2014three sectors that have been constantly evolving since the emergence of digital media. From 2004 to 2011, I was the director of research and development for the <a href=\"http:\/\/www.sat.qc.ca\">Society for Arts and Technology<\/a>, focused on telepresence and immersion. Currently, I am the director of the virtual HoloDEC Desjardins prototyping lab at <a href=\"http:\/\/inedi.ca\" target=\"_blank\" rel=\"noopener noreferrer\">INEDI<\/a> and I also do strategic consulting in Design Thinking and innovation for corporate and industrial clients at <a href=\"http:\/\/www.inno-centre.com\/home.html\" target=\"_blank\" rel=\"noopener noreferrer\">Inno-Centre<\/a>.<\/em><\/p>\n<p><em>I also design digital experiences and future scenarios with Scenario-B, my private consultation company \u00a0and finishing the production of my first transmedia essay: Notes on digital mutation: first impacts on identity, space and time, to be released in 202&#8230; this blog enables me to publish some excerpts and ideas linked to it, question of maintaining a suspense till then ;- )<\/em><\/p>\n<hr \/>\n<p>email : rbarsalo (at) gmail.com<\/p>\n<p>Skype : rbarsalo<\/p>\n<p><a href=\"https:\/\/twitter.com\/rbarsalo\">Twitter<\/a><\/p>\n<p><a href=\"https:\/\/vimeo.com\/user1154712\">Vimeo<\/a><\/p>\n<p><a href=\"http:\/\/www.linkedin.com\/pub\/ren%C3%A9-barsalo\/3\/915\/20a\">LinkedIn<\/a><\/p>\n<p>le reste est \u00e0 d\u00e9finir&#8230;<\/p>\n","protected":false},"excerpt":{"rendered":"<p>Ren\u00e9 Barsalo EST \/ UTC -5, Montr\u00e9al, Qu\u00e9bec Designer depuis plus de 35 ans, j&#8217;ai fond\u00e9 et co-dirig\u00e9 plusieurs entreprises [&hellip;]<\/p>\n","protected":false},"author":1,"featured_media":0,"parent":0,"menu_order":0,"comment_status":"open","ping_status":"open","template":"","meta":{"footnotes":""},"_links":{"self":[{"href":"https:\/\/renebarsalo.com\/WP\/index.php?rest_route=\/wp\/v2\/pages\/26"}],"collection":[{"href":"https:\/\/renebarsalo.com\/WP\/index.php?rest_route=\/wp\/v2\/pages"}],"about":[{"href":"https:\/\/renebarsalo.com\/WP\/index.php?rest_route=\/wp\/v2\/types\/page"}],"author":[{"embeddable":true,"href":"https:\/\/renebarsalo.com\/WP\/index.php?rest_route=\/wp\/v2\/users\/1"}],"replies":[{"embeddable":true,"href":"https:\/\/renebarsalo.com\/WP\/index.php?rest_route=%2Fwp%2Fv2%2Fcomments&post=26"}],"version-history":[{"count":12,"href":"https:\/\/renebarsalo.com\/WP\/index.php?rest_route=\/wp\/v2\/pages\/26\/revisions"}],"predecessor-version":[{"id":166,"href":"https:\/\/renebarsalo.com\/WP\/index.php?rest_route=\/wp\/v2\/pages\/26\/revisions\/166"}],"wp:attachment":[{"href":"https:\/\/renebarsalo.com\/WP\/index.php?rest_route=%2Fwp%2Fv2%2Fmedia&parent=26"}],"curies":[{"name":"wp","href":"https:\/\/api.w.org\/{rel}","templated":true}]}}

<p>René Barsalo<br />
EST / UTC -5, Montréal, Québec</p>
<p>Designer depuis plus de 35 ans, j&#8217;ai fondé et co-dirigé plusieurs entreprises et organisations sectorielles innovantes à Montréal (en graphisme, multimédia et informatique), trois secteurs en mutation continuelle depuis l’arrivée du numérique. De 2004 à 2011, j&#8217;ai joint l’équipe de direction de la <a href="http://www.sat.qc.ca">Société des arts technologiques</a> en tant que Directeur, Recherches &amp; développement, intéressé surtout par la téléprésence et l’immersion.</p>
<p>De retour en recherche/design et en entrepreneuriat, je dirige actuellement le laboratoire de prototypage virtuel HoloDEC desjardins du CCTT <a href="http://inedi.ca" target="_blank" rel="noopener noreferrer">INEDI</a>, un Centre collégial de transfert technologique spécialisé en design industriel dans la grande région de Montréal. Je fais également de la consultation stratégique en <em>design thinking</em> et en innovation auprès de clients corporatifs et industriels en tant que conseiller d&#8217;affaires principal chez <a title="Inno-Centre" href="http://www.inno-centre.com/" target="_blank" rel="noopener noreferrer">Inno-Centre</a>.</p>
<p>Curieux passionné, je dirige aussi quelques projets en design d’expériences numériques et en co-design technologique et social par le biais de ma boîte de consultation Scénario-B. Notamment la production de mon premier essai transmédia : Carnet de la mutation numérique | Premiers impacts sur l’identité, l’espace et le temps, dont la sortie est prévu en 202&#8230; ce blogue me donne l&#8217;occasion d&#8217;en publier des extraits ou des notes, question de maintenir le suspense d&#8217;ici là ;- )</p>
<p>&#8230;</p>
<p><em>As a designer for over 30 years, I have founded and co-directed several innovative companies and industry organizations in Montreal, in graphics, multimedia and computers—three sectors that have been constantly evolving since the emergence of digital media. From 2004 to 2011, I was the director of research and development for the <a href="http://www.sat.qc.ca">Society for Arts and Technology</a>, focused on telepresence and immersion. Currently, I am the director of the virtual HoloDEC Desjardins prototyping lab at <a href="http://inedi.ca" target="_blank" rel="noopener noreferrer">INEDI</a> and I also do strategic consulting in Design Thinking and innovation for corporate and industrial clients at <a href="http://www.inno-centre.com/home.html" target="_blank" rel="noopener noreferrer">Inno-Centre</a>.</em></p>
<p><em>I also design digital experiences and future scenarios with Scenario-B, my private consultation company  and finishing the production of my first transmedia essay: Notes on digital mutation: first impacts on identity, space and time, to be released in 202&#8230; this blog enables me to publish some excerpts and ideas linked to it, question of maintaining a suspense till then ;- )</em></p>
<hr />
<p>email : rbarsalo (at) gmail.com</p>
<p>Skype : rbarsalo</p>
<p><a href="https://twitter.com/rbarsalo">Twitter</a></p>
<p><a href="https://vimeo.com/user1154712">Vimeo</a></p>
<p><a href="http://www.linkedin.com/pub/ren%C3%A9-barsalo/3/915/20a">LinkedIn</a></p>
<p>le reste est à définir&#8230;</p>

<p>René Barsalo EST / UTC -5, Montréal, Québec Designer depuis plus de 35 ans, j&#8217;ai fondé et co-dirigé plusieurs entreprises [&hellip;]</p>
